{"id":69,"date":"2019-11-14T09:34:48","date_gmt":"2019-11-14T08:34:48","guid":{"rendered":"https:\/\/aeca.archimadrid.es\/?page_id=69"},"modified":"2024-09-17T12:34:35","modified_gmt":"2024-09-17T10:34:35","slug":"asociaciones-de-catequistas","status":"publish","type":"page","link":"https:\/\/aeca-catequetas.es\/index.php\/asociaciones-de-catequistas\/","title":{"rendered":"Asociaciones de catequetas"},"content":{"rendered":"<p>[et_pb_section fb_built=\u00bb1&#8243; admin_label=\u00bbsection\u00bb _builder_version=\u00bb4.16&#8243; global_colors_info=\u00bb{}\u00bb][et_pb_row column_structure=\u00bb1_2,1_2&#8243; _builder_version=\u00bb4.27.0&#8243; _module_preset=\u00bbdefault\u00bb global_colors_info=\u00bb{}\u00bb][et_pb_column type=\u00bb1_2&#8243; _builder_version=\u00bb4.27.0&#8243; _module_preset=\u00bbdefault\u00bb global_colors_info=\u00bb{}\u00bb][et_pb_button button_url=\u00bbhttps:\/\/www.catechetica.it\/\u00bb url_new_window=\u00bbon\u00bb button_text=\u00bbAssociazione Italiana Catecheti (AICa)\u00bb button_alignment=\u00bbcenter\u00bb _builder_version=\u00bb4.27.0&#8243; _module_preset=\u00bbdefault\u00bb global_colors_info=\u00bb{}\u00bb][\/et_pb_button][\/et_pb_column][et_pb_column type=\u00bb1_2&#8243; _builder_version=\u00bb4.27.0&#8243; _module_preset=\u00bbdefault\u00bb global_colors_info=\u00bb{}\u00bb][et_pb_button button_url=\u00bbhttps:\/\/scala-catequesis.net\/scala\/\u00bb url_new_window=\u00bbon\u00bb button_text=\u00bbSociedad de Catequetas Latinoamericanos (SCALA)\u00bb button_alignment=\u00bbcenter\u00bb _builder_version=\u00bb4.27.0&#8243; _module_preset=\u00bbdefault\u00bb global_colors_info=\u00bb{}\u00bb][\/et_pb_button][\/et_pb_column][\/et_pb_row][et_pb_row _builder_version=\u00bb4.27.0&#8243; _module_preset=\u00bbdefault\u00bb column_structure=\u00bb1_2,1_2&#8243;][et_pb_column _builder_version=\u00bb4.27.0&#8243; _module_preset=\u00bbdefault\u00bb type=\u00bb1_2&#8243;][et_pb_image src=\u00bbhttps:\/\/aeca-catequetas.es\/wp-content\/uploads\/2024\/09\/banner-sito-aica-1.jpg\u00bb _builder_version=\u00bb4.27.0&#8243; _module_preset=\u00bbdefault\u00bb title_text=\u00bbbanner-sito-aica-1&#8243; hover_enabled=\u00bb0&#8243; sticky_enabled=\u00bb0&#8243;][\/et_pb_image][\/et_pb_column][et_pb_column _builder_version=\u00bb4.27.0&#8243; _module_preset=\u00bbdefault\u00bb type=\u00bb1_2&#8243;][et_pb_image src=\u00bbhttps:\/\/aeca-catequetas.es\/wp-content\/uploads\/2024\/09\/s200_scala.sociedad_catequetas_latinoamericanos-1.jpg\u00bb _builder_version=\u00bb4.27.0&#8243; _module_preset=\u00bbdefault\u00bb title_text=\u00bbs200_scala.sociedad_catequetas_latinoamericanos\u00bb hover_enabled=\u00bb0&#8243; sticky_enabled=\u00bb0&#8243; align=\u00bbcenter\u00bb][\/et_pb_image][\/et_pb_column][\/et_pb_row][\/et_pb_section]<\/p>\n","protected":false},"excerpt":{"rendered":"","protected":false},"author":2,"featured_media":0,"parent":0,"menu_order":0,"comment_status":"closed","ping_status":"closed","template":"","meta":{"_et_pb_use_builder":"on","_et_pb_old_content":"","_et_gb_content_width":"","footnotes":""},"class_list":["post-69","page","type-page","status-publish","hentry"],"yoast_head":"<!-- This site is optimized with the Yoast SEO plugin v27.5 - https:\/\/yoast.com\/product\/yoast-seo-wordpress\/ -->\n<title>Asociaciones de catequetas - Asociaci\u00f3n Espa\u00f1ola de Catequetas<\/title>\n<meta name=\"description\" content=\"La Asociaci\u00f3n Espa\u00f1ola de Catequetas (AECA) es una asociaci\u00f3n p\u00fablica de fieles, dotada de personalidad jur\u00eddica p\u00fablica, constituida por Decreto de la Conferencia Episcopal Espa\u00f1ola con un \u00e1mbito territorial que abarca a todas las di\u00f3cesis de Espa\u00f1a. Tambi\u00e9n est\u00e1 inscrita en el Registro de Entidades Religiosas del Ministerio de Justicia del Estado espa\u00f1ol y cuenta con su propia identificaci\u00f3n fiscal. Aunque sus estatutos actuales fueron aprobados por la LXIX.\" \/>\n<meta name=\"robots\" content=\"index, follow, max-snippet:-1, max-image-preview:large, max-video-preview:-1\" \/>\n<link rel=\"canonical\" href=\"https:\/\/aeca-catequetas.es\/index.php\/asociaciones-de-catequistas\/\" \/>\n<meta property=\"og:locale\" content=\"es_ES\" \/>\n<meta property=\"og:type\" content=\"article\" \/>\n<meta property=\"og:title\" content=\"Asociaciones de catequetas - Asociaci\u00f3n Espa\u00f1ola de Catequetas\" \/>\n<meta property=\"og:description\" content=\"La Asociaci\u00f3n Espa\u00f1ola de Catequetas (AECA) es una asociaci\u00f3n p\u00fablica de fieles, dotada de personalidad jur\u00eddica p\u00fablica, constituida por Decreto de la Conferencia Episcopal Espa\u00f1ola con un \u00e1mbito territorial que abarca a todas las di\u00f3cesis de Espa\u00f1a. Tambi\u00e9n est\u00e1 inscrita en el Registro de Entidades Religiosas del Ministerio de Justicia del Estado espa\u00f1ol y cuenta con su propia identificaci\u00f3n fiscal. Aunque sus estatutos actuales fueron aprobados por la LXIX.\" \/>\n<meta property=\"og:url\" content=\"https:\/\/aeca-catequetas.es\/index.php\/asociaciones-de-catequistas\/\" \/>\n<meta property=\"og:site_name\" content=\"Asociaci\u00f3n Espa\u00f1ola de Catequetas\" \/>\n<meta property=\"article:modified_time\" content=\"2024-09-17T10:34:35+00:00\" \/>\n<meta name=\"twitter:card\" content=\"summary_large_image\" \/>\n<meta name=\"twitter:label1\" content=\"Tiempo de lectura\" \/>\n\t<meta name=\"twitter:data1\" content=\"1 minuto\" \/>\n<script type=\"application\/ld+json\" class=\"yoast-schema-graph\">{\"@context\":\"https:\\\/\\\/schema.org\",\"@graph\":[{\"@type\":\"WebPage\",\"@id\":\"https:\\\/\\\/aeca-catequetas.es\\\/index.php\\\/asociaciones-de-catequistas\\\/\",\"url\":\"https:\\\/\\\/aeca-catequetas.es\\\/index.php\\\/asociaciones-de-catequistas\\\/\",\"name\":\"Asociaciones de catequetas - Asociaci\u00f3n Espa\u00f1ola de Catequetas\",\"isPartOf\":{\"@id\":\"https:\\\/\\\/aeca-catequetas.es\\\/#website\"},\"datePublished\":\"2019-11-14T08:34:48+00:00\",\"dateModified\":\"2024-09-17T10:34:35+00:00\",\"description\":\"La Asociaci\u00f3n Espa\u00f1ola de Catequetas (AECA) es una asociaci\u00f3n p\u00fablica de fieles, dotada de personalidad jur\u00eddica p\u00fablica, constituida por Decreto de la Conferencia Episcopal Espa\u00f1ola con un \u00e1mbito territorial que abarca a todas las di\u00f3cesis de Espa\u00f1a. Tambi\u00e9n est\u00e1 inscrita en el Registro de Entidades Religiosas del Ministerio de Justicia del Estado espa\u00f1ol y cuenta con su propia identificaci\u00f3n fiscal. Aunque sus estatutos actuales fueron aprobados por la LXIX.\",\"breadcrumb\":{\"@id\":\"https:\\\/\\\/aeca-catequetas.es\\\/index.php\\\/asociaciones-de-catequistas\\\/#breadcrumb\"},\"inLanguage\":\"es\",\"potentialAction\":[{\"@type\":\"ReadAction\",\"target\":[\"https:\\\/\\\/aeca-catequetas.es\\\/index.php\\\/asociaciones-de-catequistas\\\/\"]}]},{\"@type\":\"BreadcrumbList\",\"@id\":\"https:\\\/\\\/aeca-catequetas.es\\\/index.php\\\/asociaciones-de-catequistas\\\/#breadcrumb\",\"itemListElement\":[{\"@type\":\"ListItem\",\"position\":1,\"name\":\"Home\",\"item\":\"https:\\\/\\\/aeca-catequetas.es\\\/\"},{\"@type\":\"ListItem\",\"position\":2,\"name\":\"Asociaciones de catequetas\"}]},{\"@type\":\"WebSite\",\"@id\":\"https:\\\/\\\/aeca-catequetas.es\\\/#website\",\"url\":\"https:\\\/\\\/aeca-catequetas.es\\\/\",\"name\":\"Asociaci\u00f3n Espa\u00f1ola de Catequetas\",\"description\":\"Asociaci\u00f3n Espa\u00f1ola de Catequetas\",\"potentialAction\":[{\"@type\":\"SearchAction\",\"target\":{\"@type\":\"EntryPoint\",\"urlTemplate\":\"https:\\\/\\\/aeca-catequetas.es\\\/?s={search_term_string}\"},\"query-input\":{\"@type\":\"PropertyValueSpecification\",\"valueRequired\":true,\"valueName\":\"search_term_string\"}}],\"inLanguage\":\"es\"}]}<\/script>\n<!-- \/ Yoast SEO plugin. -->","yoast_head_json":{"title":"Asociaciones de catequetas - Asociaci\u00f3n Espa\u00f1ola de Catequetas","description":"La Asociaci\u00f3n Espa\u00f1ola de Catequetas (AECA) es una asociaci\u00f3n p\u00fablica de fieles, dotada de personalidad jur\u00eddica p\u00fablica, constituida por Decreto de la Conferencia Episcopal Espa\u00f1ola con un \u00e1mbito territorial que abarca a todas las di\u00f3cesis de Espa\u00f1a. Tambi\u00e9n est\u00e1 inscrita en el Registro de Entidades Religiosas del Ministerio de Justicia del Estado espa\u00f1ol y cuenta con su propia identificaci\u00f3n fiscal. Aunque sus estatutos actuales fueron aprobados por la LXIX.","robots":{"index":"index","follow":"follow","max-snippet":"max-snippet:-1","max-image-preview":"max-image-preview:large","max-video-preview":"max-video-preview:-1"},"canonical":"https:\/\/aeca-catequetas.es\/index.php\/asociaciones-de-catequistas\/","og_locale":"es_ES","og_type":"article","og_title":"Asociaciones de catequetas - Asociaci\u00f3n Espa\u00f1ola de Catequetas","og_description":"La Asociaci\u00f3n Espa\u00f1ola de Catequetas (AECA) es una asociaci\u00f3n p\u00fablica de fieles, dotada de personalidad jur\u00eddica p\u00fablica, constituida por Decreto de la Conferencia Episcopal Espa\u00f1ola con un \u00e1mbito territorial que abarca a todas las di\u00f3cesis de Espa\u00f1a. Tambi\u00e9n est\u00e1 inscrita en el Registro de Entidades Religiosas del Ministerio de Justicia del Estado espa\u00f1ol y cuenta con su propia identificaci\u00f3n fiscal. Aunque sus estatutos actuales fueron aprobados por la LXIX.","og_url":"https:\/\/aeca-catequetas.es\/index.php\/asociaciones-de-catequistas\/","og_site_name":"Asociaci\u00f3n Espa\u00f1ola de Catequetas","article_modified_time":"2024-09-17T10:34:35+00:00","twitter_card":"summary_large_image","twitter_misc":{"Tiempo de lectura":"1 minuto"},"schema":{"@context":"https:\/\/schema.org","@graph":[{"@type":"WebPage","@id":"https:\/\/aeca-catequetas.es\/index.php\/asociaciones-de-catequistas\/","url":"https:\/\/aeca-catequetas.es\/index.php\/asociaciones-de-catequistas\/","name":"Asociaciones de catequetas - Asociaci\u00f3n Espa\u00f1ola de Catequetas","isPartOf":{"@id":"https:\/\/aeca-catequetas.es\/#website"},"datePublished":"2019-11-14T08:34:48+00:00","dateModified":"2024-09-17T10:34:35+00:00","description":"La Asociaci\u00f3n Espa\u00f1ola de Catequetas (AECA) es una asociaci\u00f3n p\u00fablica de fieles, dotada de personalidad jur\u00eddica p\u00fablica, constituida por Decreto de la Conferencia Episcopal Espa\u00f1ola con un \u00e1mbito territorial que abarca a todas las di\u00f3cesis de Espa\u00f1a. Tambi\u00e9n est\u00e1 inscrita en el Registro de Entidades Religiosas del Ministerio de Justicia del Estado espa\u00f1ol y cuenta con su propia identificaci\u00f3n fiscal. Aunque sus estatutos actuales fueron aprobados por la LXIX.","breadcrumb":{"@id":"https:\/\/aeca-catequetas.es\/index.php\/asociaciones-de-catequistas\/#breadcrumb"},"inLanguage":"es","potentialAction":[{"@type":"ReadAction","target":["https:\/\/aeca-catequetas.es\/index.php\/asociaciones-de-catequistas\/"]}]},{"@type":"BreadcrumbList","@id":"https:\/\/aeca-catequetas.es\/index.php\/asociaciones-de-catequistas\/#breadcrumb","itemListElement":[{"@type":"ListItem","position":1,"name":"Home","item":"https:\/\/aeca-catequetas.es\/"},{"@type":"ListItem","position":2,"name":"Asociaciones de catequetas"}]},{"@type":"WebSite","@id":"https:\/\/aeca-catequetas.es\/#website","url":"https:\/\/aeca-catequetas.es\/","name":"Asociaci\u00f3n Espa\u00f1ola de Catequetas","description":"Asociaci\u00f3n Espa\u00f1ola de Catequetas","potentialAction":[{"@type":"SearchAction","target":{"@type":"EntryPoint","urlTemplate":"https:\/\/aeca-catequetas.es\/?s={search_term_string}"},"query-input":{"@type":"PropertyValueSpecification","valueRequired":true,"valueName":"search_term_string"}}],"inLanguage":"es"}]}},"_links":{"self":[{"href":"https:\/\/aeca-catequetas.es\/index.php\/wp-json\/wp\/v2\/pages\/69","targetHints":{"allow":["GET"]}}],"collection":[{"href":"https:\/\/aeca-catequetas.es\/index.php\/wp-json\/wp\/v2\/pages"}],"about":[{"href":"https:\/\/aeca-catequetas.es\/index.php\/wp-json\/wp\/v2\/types\/page"}],"author":[{"embeddable":true,"href":"https:\/\/aeca-catequetas.es\/index.php\/wp-json\/wp\/v2\/users\/2"}],"replies":[{"embeddable":true,"href":"https:\/\/aeca-catequetas.es\/index.php\/wp-json\/wp\/v2\/comments?post=69"}],"version-history":[{"count":17,"href":"https:\/\/aeca-catequetas.es\/index.php\/wp-json\/wp\/v2\/pages\/69\/revisions"}],"predecessor-version":[{"id":1598,"href":"https:\/\/aeca-catequetas.es\/index.php\/wp-json\/wp\/v2\/pages\/69\/revisions\/1598"}],"wp:attachment":[{"href":"https:\/\/aeca-catequetas.es\/index.php\/wp-json\/wp\/v2\/media?parent=69"}],"curies":[{"name":"wp","href":"https:\/\/api.w.org\/{rel}","templated":true}]}}