{"version":"1.0","provider_name":"Asociaci\u00f3n Espa\u00f1ola de Catequetas","provider_url":"https:\/\/aeca-catequetas.es","author_name":"webmaster","author_url":"https:\/\/aeca-catequetas.es\/index.php\/author\/manuelbru\/","title":"Congreso del catecumenado en Par\u00eds - Asociaci\u00f3n Espa\u00f1ola de Catequetas","type":"rich","width":600,"height":338,"html":"<blockquote class=\"wp-embedded-content\" data-secret=\"ZXu4sHiQjR\"><a href=\"https:\/\/aeca-catequetas.es\/index.php\/2019\/11\/23\/congreso-del-catecumenado-en-paris\/\">Congreso del catecumenado en Par\u00eds<\/a><\/blockquote><iframe sandbox=\"allow-scripts\" security=\"restricted\" src=\"https:\/\/aeca-catequetas.es\/index.php\/2019\/11\/23\/congreso-del-catecumenado-en-paris\/embed\/#?secret=ZXu4sHiQjR\" width=\"600\" height=\"338\" title=\"\u00abCongreso del catecumenado en Par\u00eds\u00bb \u2014 Asociaci\u00f3n Espa\u00f1ola de Catequetas\" data-secret=\"ZXu4sHiQjR\" frameborder=\"0\" marginwidth=\"0\" marginheight=\"0\" scrolling=\"no\" class=\"wp-embedded-content\"><\/iframe><script type=\"text\/javascript\">\n\/* <![CDATA[ *\/\n\/*! This file is auto-generated *\/\n!function(d,l){\"use strict\";l.querySelector&&d.addEventListener&&\"undefined\"!=typeof URL&&(d.wp=d.wp||{},d.wp.receiveEmbedMessage||(d.wp.receiveEmbedMessage=function(e){var t=e.data;if((t||t.secret||t.message||t.value)&&!\/[^a-zA-Z0-9]\/.test(t.secret)){for(var s,r,n,a=l.querySelectorAll('iframe[data-secret=\"'+t.secret+'\"]'),o=l.querySelectorAll('blockquote[data-secret=\"'+t.secret+'\"]'),c=new RegExp(\"^https?:$\",\"i\"),i=0;i<o.length;i++)o[i].style.display=\"none\";for(i=0;i<a.length;i++)s=a[i],e.source===s.contentWindow&&(s.removeAttribute(\"style\"),\"height\"===t.message?(1e3<(r=parseInt(t.value,10))?r=1e3:~~r<200&&(r=200),s.height=r):\"link\"===t.message&&(r=new URL(s.getAttribute(\"src\")),n=new URL(t.value),c.test(n.protocol))&&n.host===r.host&&l.activeElement===s&&(d.top.location.href=t.value))}},d.addEventListener(\"message\",d.wp.receiveEmbedMessage,!1),l.addEventListener(\"DOMContentLoaded\",function(){for(var e,t,s=l.querySelectorAll(\"iframe.wp-embedded-content\"),r=0;r<s.length;r++)(t=(e=s[r]).getAttribute(\"data-secret\"))||(t=Math.random().toString(36).substring(2,12),e.src+=\"#?secret=\"+t,e.setAttribute(\"data-secret\",t)),e.contentWindow.postMessage({message:\"ready\",secret:t},\"*\")},!1)))}(window,document);\n\/\/# sourceURL=https:\/\/aeca-catequetas.es\/wp-includes\/js\/wp-embed.min.js\n\/* ]]> *\/\n<\/script>\n","thumbnail_url":"https:\/\/aeca-catequetas.es\/wp-content\/uploads\/2019\/11\/notedram.jpg","thumbnail_width":1600,"thumbnail_height":840,"description":"Por su inter\u00e9s para todos los catequetas, informamos del programa del Congreso Internacional del Catecumenado que tendr\u00e1 lugar en Par\u00eds, del 15 al 17 de abril 2020. Los interesados en asistir, podr\u00e1n ponerse en contacto con la direcci\u00f3n de AECA. CONGRESO INTERNACIONAL DE CATECUMENADO. PARIS 15-17 de abril 2020 Acoger y acompa\u00f1ar a los catec\u00famenos [&hellip;]"}

Asociación Española de Catequetas

Congreso del catecumenado en París - Asociación Española de Catequetas

<blockquote class="wp-embedded-content" data-secret="ZXu4sHiQjR"><a href="https://aeca-catequetas.es/index.php/2019/11/23/congreso-del-catecumenado-en-paris/">Congreso del catecumenado en París</a></blockquote><iframe sandbox="allow-scripts" security="restricted" src="https://aeca-catequetas.es/index.php/2019/11/23/congreso-del-catecumenado-en-paris/embed/#?secret=ZXu4sHiQjR" width="600" height="338" title="«Congreso del catecumenado en París» — Asociación Española de Catequetas" data-secret="ZXu4sHiQjR" frameborder="0" marginwidth="0" marginheight="0" scrolling="no" class="wp-embedded-content"></iframe><script type="text/javascript">
/* <![CDATA[ */
/*! This file is auto-generated */
!function(d,l){"use strict";l.querySelector&&d.addEventListener&&"undefined"!=typeof URL&&(d.wp=d.wp||{},d.wp.receiveEmbedMessage||(d.wp.receiveEmbedMessage=function(e){var t=e.data;if((t||t.secret||t.message||t.value)&&!/[^a-zA-Z0-9]/.test(t.secret)){for(var s,r,n,a=l.querySelectorAll('iframe[data-secret="'+t.secret+'"]'),o=l.querySelectorAll('blockquote[data-secret="'+t.secret+'"]'),c=new RegExp("^https?:$","i"),i=0;i<o.length;i++)o[i].style.display="none";for(i=0;i<a.length;i++)s=a[i],e.source===s.contentWindow&&(s.removeAttribute("style"),"height"===t.message?(1e3<(r=parseInt(t.value,10))?r=1e3:~~r<200&&(r=200),s.height=r):"link"===t.message&&(r=new URL(s.getAttribute("src")),n=new URL(t.value),c.test(n.protocol))&&n.host===r.host&&l.activeElement===s&&(d.top.location.href=t.value))}},d.addEventListener("message",d.wp.receiveEmbedMessage,!1),l.addEventListener("DOMContentLoaded",function(){for(var e,t,s=l.querySelectorAll("iframe.wp-embedded-content"),r=0;r<s.length;r++)(t=(e=s[r]).getAttribute("data-secret"))||(t=Math.random().toString(36).substring(2,12),e.src+="#?secret="+t,e.setAttribute("data-secret",t)),e.contentWindow.postMessage({message:"ready",secret:t},"*")},!1)))}(window,document);
//# sourceURL=https://aeca-catequetas.es/wp-includes/js/wp-embed.min.js
/* ]]> */
</script>

Por su interés para todos los catequetas, informamos del programa del Congreso Internacional del Catecumenado que tendrá lugar en París, del 15 al 17 de abril 2020. Los interesados en asistir, podrán ponerse en contacto con la dirección de AECA. CONGRESO INTERNACIONAL DE CATECUMENADO. PARIS 15-17 de abril 2020 Acoger y acompañar a los catecúmenos [&hellip;]
